- -377).
2
What is (-11 - (-6 + 1 - -2)) + (-12 + 5 - -21)?
6
Calculate -61 + 15 - ((-1 - -1) + -16 - (179 + -184)).
-35
-25 - (-27 - -50) - (22 + -5)
-65
What is -35 + 13 - (63 - 91)?
6
What is the value of (-4 - -1) + 1 - (19 + (-13 - 14))?
6
Calculate -10 - (21 - (-16 - -19) - -8).
-36
Evaluate -1 - (31 + (43 - 73) + (10 - 1)).
-11
Calculate -42 + 1 + 15 + (-12 - 10) - (-19 + 31).
-60
What is 0 - -35 - (-9 - (1 - -9) - -17)?
37
Evaluate -62 + (37 - 3 - (-115 - -115)).
-28
Calculate (40 - (0 + 7 + (29 + -1 - 38))) + 1.
44
Calculate -1 + 25 + -5 + -22 - (-2 + 2).
-3
What is (18 - -3) + (-78 - -63) - (-3 + 7 + -14)?
16
Calculate -8 + 0 - (20 - (-600 - -604 - (0 + 36))).
-60
What is 60 - (14 + -4 + 16 + (2 - 30))?
62
2 + 101 - (1 + (-1 - -33 - 16 - 31))
117
What is 68 + (17 + 1 - (17 - -23))?
46
What is the value of (-102 - -109 - (-4 - -3 - -5)) + -71?
-68
What is 9 + (-2 - 45) + 64 + (-1 - 21)?
4
(-1 + 7 - (-150 - -168)) + 9
-3
Calculate -5 - (61 - (-37 - -63)).
-40
What is the value of -10 - (3 - -1 - (120 - 109)) - -40?
37
(11 - -9 - 19) + 2 + -32
-29
(-9 + -6 - (-19 - 0)) + (2 - (85 + -4))
-75
Evaluate (53 - 50) + (0 - -32 - 4).
31
Evaluate (8 - (-17 - (-62 - -12))) + 61.
36
Calculate (-4 - (0 - 3)) + (60 - 78 - (-14 + 0)).
-5
Calculate -16 + 117 - (-66 - -252).
-85
Calculate 21 - (22 + (5 - 13) + -4) - -4.
15
What is the value of -16 + (-10 - -1) + (2 - -55) + -43 + -118?
-129
What is -1 + 35 - (0 - (-16 + 17) - -13)?
22
What is the value of -87 - (108 - 281 - -85)?
1
What is -24 + 15 + 1 + (1 - -21)?
14
What is -22 - (-46 + 60 - (1 + 97 - 1))?
61
What is 52 + (-27 - -43) + 0?
68
What is the value of 25 - 1 - (-24 + 53 + -50)?
45
Evaluate (42 - (1 - -37)) + (0 - -19).
23
What is the value of (25 + 2 - 32) + (-18 - (-14 + 10))?
-19
What is the value of 10581 + -10660 + (0 - -43)?
-36
Evaluate (134 + -114 - -47) + -138.
-71
What is -47 - (-88 + -23 + 52)?
12
What is the value of 33 + 37 + -24 + -134 + 47?
-41
Evaluate -65 - (-26 + 37 + -62).
-14
What is -40 + 42 + -116 + 12 + 33?
-69
Evaluate 49 - (-17 - -51 - -133).
-118
What is the value of -13 - (-5 - -10 - (-79 + -7 + 2 - -6))?
-96
-55 + -7 - (4 + (-4 - -17))
-79
Evaluate 18 - 3 - (-113 + 131) - (-10 + -3).
10
What is the value of (2 - -28) + -11 + 18 + -988 + 1010?
59
Evaluate (-7 - -8 - 18) + 1 - 52 - -7.
-61
What is the value of -27 + 97 + (-31 - (-31 - -4))?
66
What is the value of 74 - (139 - 48 - 4)?
-13
What is -67 + (0 - (2 + 10)) + (58 - 46 - 8)?
-75
Evaluate 2 + (-126 - -6) + 48 + -38 + 13.
-95
What is (-9705 - -9676) + -1 + -1 + 41?
10
Evaluate (-25 - 3 - -9) + (-2 - -9) + 3.
-9
(-163 - -166) + (-1 - (1 + -18)) + -102 + 113
30
What is the value of 16 + 10 + 23 + -51?
-2
Calculate -85 + 137 + 0 + -35 - -48.
65
5684 + -5723 + -7 + 0
-46
Evaluate (32 - 54) + -40 + 28 + -5.
-39
Calculate (-6 - 6) + 1 + -20.
-31
-20 + 45 + -57 + -28
-60
118 + 4 + 10 + -4 + (16 - (11 - -18))
115
What is the value of 101 - (25 - (6 + -27))?
55
(-1 - 1) + (-10 - (6 + -6) - -8)
-4
Evaluate (2 - (37 + (-3 - 43))) + -35.
-24
What is (-29 - (-5 + 4)) + (-26 - -3)?
-51
Calculate -8 - -43 - 29 - (-5 - (1 + -3 + -65)).
-56
What is the value of 106 + (-209 + -69 - -56)?
-116
What is the value of 3 + 19 + -5 + 4 + -55?
-34
What is 32 + (-137 - -55 - -103)?
53
Evaluate -13 - (8 + -1 + 11 + 25 + -39 - 6).
-11
Evaluate 9 + (-4 - -5) - (-4 - -4 - 3).
13
What is the value of 73 - (-274 + 342) - (1 + -8 + 1)?
11
What is the value of (-56 - -142 - 34) + -86?
-34
((-28 - -10) + 24 - -1) + -17
-10
What is the value of (-8 - (-7 - -20)) + 15 + 50?
44
Evaluate -60 + 53 + (26 - 66).
-47
What is the value of -59 - -115 - ((3 - (10 + -5)) + -20)?
78
Evaluate -54 + 5 + -9 + 5 + 7 + (-28 - -33).
-41
What is (35 - 68) + -12 + 4?
-41
(-28 - -13 - -2) + (-6 - (-29 + 13) - 64)
-67
What is the value of 16 - ((-20 - -41) + -5 + 5)?
-5
What is the value of (-11 - -9 - 8) + -14 + 0 + 28 - -103?
107
What is -99 + 43 + 10 - -38?
-8
Evaluate 72 + (6 - (77 - 43)).
44
What is (-39 - -10) + 123 - 25?
69
2846 - 2818 - (-48 + 1)
75
(25 - 106) + 70 + 135 + (1 - 4)
121
What is the value of (-28 + (-5 - -15 - -6) - -33) + 4?
25
-208 + 150 + 111 + -9
44
What is (-6 - (-7 - -2)) + -144 + 120?
-25
Calculate (-163 - -97) + 95 - (-1 - 0).
30
What is the value of -5 + 71 + -57 - (36 + -4 - 4)?
-19
Calculate (30 - 5) + 16 - (-9 - (-40 + 35)).
45
Evaluate -34 + 41 + -121 + 68.
-46
What is the value of 24 + -4 + 4 + -49 + 31?
6
Calculate -93 - ((-46 - -45) + -2 + -2 + (9 - -1)).
-98
Calculate -30 + 45 - 5 - -32.
42
(39 - (1 - -26)) + 9
21
What is the value of 65 + -52 + (45 - 39)?
19
What is (-34 - (-152 + 202)) + 73?
-11
Calculate 15826 - 15840 - (-1 + 2 + 18).
-33
Evaluate 14 - (55 + -60 + (8 - -2) + 3) - -58.
64
(-249 - -343) + -2 + (-2 - 2) - -14
102
Evaluate (38 + -58 - -23) + (-5 - (5 + 40)).
-47
What is the value of 93 + (-94 - -8) + -62 + 1?
-54
What is the value of (5 - (13 - 3) - -2 - (-2 - 18)) + 8?
25
What is the value of -8889 + 8853 + (0 - -7) + (-2 - -1) + -1?
-31
What is -5 - (24 + -18 + (2 - 4) + -4)?
-5
What is the value of 1 + 22 + -177 + 133?
-21
17 + 9 + (0 - (3 + -2) - -11) - -8
44
(23 - (11 + -5)) + -37 - (2 + 95)
-117
Evaluate -488 - -552 - ((3 - 2) + -14).
77
What is the value of -110 + -124 + 392 - 123?
35
Evaluate 15 + (78 - 44) + (-3 - 3).
43
Evaluate (-3 - 2) + (66 - 118) + 37.
-20
Calculate -39 + 30 - -50 - (13 - 91).
119
What is (16 - -23) + -36 - 36?
-33
What is the value of -279 - -288 - (38 - 2)?
-27
What is (-22 - -90) + (-26 - -37) - 28?
51
-6 + 1 + (-40 - -24 - (4 - 35)) + 60
70
Evaluate -47 + 153 - (-127 - -127).
106
What is (-53 - 43) + 38 - -24?
-34
What is 82 + 45 + (-49 - -21) + (-11 - 1) - -4?
91
What is -35 + 2 + 67 + -59 - (7 + -11 + 5)?
-26
What is the value of -3 + 31 + (-51 - -22) - (0 + 80)?
-81
58 - 65 - 1 - (3 - (56 + 1))
46
-115 - (-337 + 81 + 37)
104
What is 33 + (40 + -57 - 12) + -75?
-71
Evaluate -8 - -24 - 22 - 20 - (1 + 3 - 11).
-19
Calculate (-1 + 5 - -4) + (-2 - -2 - 6) + 62.
64
What is the value of 3 - (-3 + 7) - (-10 - -38)?
-29
What is -15 + -52 - -208 - 48?
93
What is -8 - ((5 - 0) + (-2 - -24 - 23) - 0)?
-12
What is the value of 3 - (6 + (33 + -16 - -32) + (-10 - -1))?
-43
Calculate -41 - (-55 + 26 - -62 - 62).
-12
Evaluate 11 + 1 - (8 - ((-19 - -37) + -6)).
16
-2 + 2 + (-17 + 11 + 26 - 130 - 15)
-125
What is 16 + (2 + 1 - (-152 + 157)) - 22?
-8
(3 - (34 + -1) - (-54 + 54)) + 6
-24
What is 3661 + -3612 + -43 + -1?
5
What is the value of (17 - (-58 + 16)) + (-3 - (-1 + 9))?
48
What is -4 + (-29 - -19) - ((17 - -14) + 82)?
-127
Evaluate 3 + 2 - ((40 - 24) + 31).
-42
Evaluate -61 + -24 - -92 - (-19 + 2).
24
(-518 - -529) + (14 - -1)
26
-37 - (-139 - -74) - (19 - -4)
5
What is 13 + (-7 - -35) - (-7 + (0 - 10))?
58
-1 - (-8 - (5 + -5) - (-52 + 8 + 3))
-34
3 + -10 - (-13 - (27 + 10))
43
Evaluate 11 - (128 + -100 + (4 - (-4 - 4))).
-29
Evaluate -59 + 22 + 137 - 18.
82
Evaluate 18 - 105 - -29 - -12.
-46
Calculate 78 + (5 + 33 + -25 - (-1 + 9)).
83
(30 - -21) + -56 + -40
-45
124 - 127 - (4 + -2 - (-40 + 32))
-13
-28 + (-5 - (2 + 12) - -6 - -3)
-38
Evaluate 10 + 3 + -3 + -35 + (16 - -18).
9
Calculate -6 - -1 - (9168 - 9201).
28
Calculate 98 - ((-4 - (-11 - (-12 - -10))) + 8).
85
Evaluate (-6 - 2) + -3 + (-19 - -29) - (-15 + -2).
16
What is the value of 52 + -1692 + 1711 + (2 - 12) + -1 - 1?
59
What is the value of -27 + 0 - (-58 + 182 + -102)?
-49
3 - (-15 + (2 - -9 - 3)) - -27
37
Evaluate 32 + 0 + 40 + (-97 - -41).
16
What is 124 + -173 - -11 - -9?
-29
Evaluate 2 - -13 - (452 + -427).
-10
41 - (-67 - -138) - (4 - 72)
38
What is the value of (-29 - 10) + (32 - (-17 + 68))?
-58
What is the value of -103 + (46 - (9 + 29)) + 30?
-65
Calculate -23 - -68 - (-14 + 74) - (-11 - (-1 - 0)).
-5
-8 + 1 - (-19 - -15 - (76 + -32))
41
Evaluate -75 + 58 - -19 - (-2 - -13 - (3 + -5)).
-11
What is 9 - (8 + 5 - (-2 + (-12 - -12)))?
-6
Evaluate 38 + 0 - (572 + -587 - (-29 - -1)).
25
What is (-108 - -112 - (8 - -2)) + 23 + -5 - -31?
43
Evaluate 5 + (-35 - (5 + (26 - (19 + -1)))).
-43
-14 - (1 + -77 + -27 + -6 + 38)
57
What is the value of (-188 - -231) + -30 - (1 - (-20 + 0))?
-8
-1 + -18 - (-124 + 99)
6
What is (-16 - -9 - 113) + (-33 - (14 + -44))?
-123
-31 + -4 - (302 - 277)
-60
What is (-9 - (3 + -3)) + 19 - 3